-19
What is -7 + (-1 - (6 + (-2 - 4)))?
-8
Calculate (5 - -27) + -22 + 7 + (-4 - -12).
25
-29 - (-16 + 2) - (-9 + 1)
-7
Evaluate -22 - ((-9 - (-12 + 16)) + 10).
-19
-43 - (-17 - (-25 - -15) - 8)
-28
What is -3 + 0 - (-4 + (-4 - (-7 + -1)))?
-3
Evaluate -47 - (1 + (-8 - 17)).
-23
Evaluate 1 - -2 - ((28 - (12 + -5)) + -10).
-8
What is 9 - (-14 + 22) - 16?
-15
What is -12 + (-9 - -45) + -47?
-23
0 - (-2 - (2 - -1 - 5) - 3)
3
-42 + 47 + -25 - -22
2
Evaluate 28 + 26 + 0 + -36.
18
What is 9 + 4 + 8 + -28?
-7
What is the value of (-33 - -41) + -26 + 5 - -35?
22
Calculate -32 + 7 - (2 + -8) - (-3 - 3).
-13
-1 + -1 - (10 - (27 + -25))
-10
What is -1 + 7 + -13 - (-12 - -13 - 9)?
1
Calculate -18 + (57 - (36 - 9)).
12
Calculate -11 + -7 + 15 + 11.
8
(1 - 10) + (-82 - -77 - (1 + -12))
-3
Calculate (-47 - -34) + (25 - 0).
12
-27 - -9 - -2 - -5
-11
What is (33 - -8) + 19 - 25?
35
Evaluate (20 - 28) + -25 + 15.
-18
What is -16 + 0 - (11 + (11 - 14) - -4)?
-28
Evaluate -725 + 728 - (3 + (22 - (-3 - -3))).
-22
What is the value of (160 - 176) + -1 + 0?
-17
What is the value of 38 + -47 + -1 + -3 - (-2 - 6)?
-5
(-5 - -3) + (9 + -8 - 14)
-15
What is the value of 215 + -219 + -2 + 1?
-5
Evaluate 0 + 2 - -1 - (-218 + 226).
-5
Calculate 26 + (41 - 16) + -27.
24
(-14 - -29) + (-12 - -4)
7
Evaluate -36 + 44 - (-3 - -33).
-22
Calculate -2 - 0 - (-8 + 1) - (-7 + 5).
7
-6 - (-15 + (6 - 7) + 5)
5
What is the value of 7 + 5 - (6 + (-2 - (8 + -4)))?
12
What is 14 + 1 + 3 - 35?
-17
Evaluate -29 + 19 + (-5 - 2) + 3.
-14
(-1 - -12) + (0 - (32 - 28))
7
What is the value of 10 - 6 - (11 + (2 - 7))?
-2
Calculate -1 - 2 - (-460 - -488).
-31
Calculate 25 - (14 - 11 - -10).
12
What is the value of -15 + -23 + 27 - (-1 + -10)?
0
-6 - -7 - ((-7 - 3) + 0)
11
What is -5 - 0 - (-17 - -11) - -1?
2
What is -3 - (-1 - -7 - 5) - 4?
-8
What is 5 - 0 - (146 + -141)?
0
What is the value of 1 - (-8 + 1 - (16 - (32 + -14)))?
6
Evaluate -6 + -1 - ((-10 - (1 + -31)) + -8).
-19
What is the value of 10 + -2 + -12 - 5?
-9
What is the value of -2 + -1 + (11 - 9 - (8 + -13))?
4
Evaluate -24 - -3 - (139 + -148) - (0 - 17).
5
Evaluate (-13 - -7) + -7 + 3 + -10 + 5.
-15
Evaluate (-13 + 4 - -9) + 12.
12
Evaluate -5 + -11 + 26 - 8.
2
Calculate 11 - (3 + -1 - (-43 + 11)).
-23
Calculate 3 - (-4 + (-2 - 3) - (3 - 9)).
6
What is 15 + 0 + (-511 - -522)?
26
What is -10 - ((-11 - -9 - -15) + -17)?
-6
Evaluate -5 - (-2 + 3 + 1) - (0 - -8).
-15
Evaluate 29 + -15 + -2 + 2.
14
Evaluate 19 + -12 - (31 + (-4 - 2) + 6).
-24
What is the value of (18 - 2) + -29 + -43 + 84?
28
Calculate -102 + 129 + 4 + (-3 - 8).
20
Calculate -2 + 33 - (-447 + 470).
8
Evaluate -56 - -48 - -12 - (-27 - (1 - 1)).
31
What is (-54 + 25 - -12) + 25?
8
What is 22 + 4 - (-1 + 13 + -1)?
15
5 - ((8 - -1 - -11) + -8) - 1
-8
Calculate (23 - (7 - 3)) + 62 + -68.
13
-17 + (-29 - (-61 - 8))
23
What is -1 + 4 + 176 + -166?
13
What is (2 - (2 + 1 + 14)) + (-109 - -111)?
-13
10 + -8 + 9 + -10 - (4 - -2)
-5
What is the value of 9 - 8 - -7 - 7 - 4?
-3
9 - 10 - 10 - -11 - (-1 - 3)
4
What is the value of 14 + 0 + 38 + 5 + -38?
19
-24 - (4 - (6 + 10))
-12
Evaluate -45 - (31 + -23 - 30).
-23
What is 9 - (13 - 4) - -7?
7
What is -35 + -12 + 61 - (30 + -1)?
-15
(16 - 1) + -872 + 849
-8
What is the value of -4 - -7 - (18 - 1)?
-14
Evaluate 0 + -10 + 4 + -22 + (-42 - -32).
-38
What is the value of (27 - 6) + 2 + 1 + -4 + 1?
21
Calculate (5 - (10 + 6)) + 17.
6
What is the value of 16 + (29 + -17 - 22) + 11?
17
Calculate -38 + 0 - (-6 - 14).
-18
Calculate 1 + ((-5 - 0) + 0 - (4 + -20)).
12
What is the value of (-18 + 36 - 11) + -4 + (5 - 2)?
6
Evaluate (-3 - -8) + -25 + 5.
-15
What is the value of -10 - ((-10 - -1) + (-26 - -23))?
2
Evaluate (0 - (9 + -7) - 4) + 10.
4
What is (-10 - (13 + -21)) + -6?
-8
21 - -2 - ((-19 - -23) + 10)
9
Evaluate 4 - (10 + -12 + -6 - (2 + -2)).
12
Evaluate (-58 - -170 - 86) + -10 + 1 + 0.
17
Evaluate 23 + -25 - (4 + -17) - -3.
14
Evaluate 13 - (-8 + 10 + -18) - (12 - 9).
26
11 + -10 - (-31 - (8 - 17))
23
What is 3 + 9 - (-7 - -11)?
8
Calculate (-1 - 1 - -9) + (14 - 25).
-4
-7 + -1 + 0 - (49 + -67)
10
Calculate -10 + 4 + -5 + 47 + -18.
18
Evaluate -26 + (-18 - (-28 - 1)).
-15
Calculate 1 + 7 + -7 + -5 + 21 + -14.
3
What is the value of 6 - (-16 + 20) - (1 - 10)?
11
Evaluate -32 - (10 + -31 + 25).
-36
Calculate (-312 - -342) + (0 - 5) + 0 + 1.
26
What is 0 + (-3 - -1) + -122 + 89 + 48?
13
Calculate 14 - (9 - (2 - -1) - 5).
13
(1 - -10) + 14 + -10 - 19
-4
(14 + -6 - 4) + 7
11
-1 + -19 - ((32 - -20) + -53)
-19
Calculate (0 - -8) + 5 + -2 - (-2 + 10).
3
What is 5 - 0 - (532 - 524)?
-3
3 - (-4 + 7 + (-1 - 7) + 1)
7
What is the value of 7 + 12 + -7 + -6 + -18?
-12
What is (4 - 2 - -2) + 1 + 6 + -22?
-11
Evaluate 40 - 3 - (-18 - -38).
17
What is the value of 17 - (8 + -28 - -15)?
22
Evaluate 5 + 15 + (-47 - -35) + -5.
3
5 + -2 + 12 + -10
5
Evaluate (76 - -2 - 72) + 2 + 0 + -11.
-3
Evaluate -11 - -5 - (27 + -40).
7
What is (18 - (1 - -2)) + -5?
10
-6 - (10 - (-19 - -1) - 3)
-31
What is the value of -10 + 5 + 11 + -24 - 9?
-27
Calculate (28 - 16) + (0 + 1 - 31).
-18
Evaluate (-33 - (31 + -32)) + 11.
-21
What is the value of 9 - ((-11 - -27) + 6)?
-13
What is -18 + 17 + 2 + 1 + -13 - -4?
-7
What is (12 + -12 + 51 - 16) + -5?
30
What is the value of 0 - (-2 - -7) - (61 - (-21 - -48))?
-39
What is (-11 + 7 - 3) + -2?
-9
What is the value of -25 + 1 + -27 + 31 + -23 + 18?
-25
(2 - -10) + -9 + 0
3
What is 26 - (95 + -18) - -11?
-40
What is the value of (-1 + 7 - (-6 - (-5 - -1))) + -2?
6
Calculate 12 - (0 + 2) - (5 - -3 - 6).
8
Evaluate (23 - 22) + 21 - 22 - (9 - 1).
-8
What is the value of -1 - 1 - -6 - (-58 + 73) - -3?
-8
Evaluate 24 + (-22 + 9 - -26) + -9.
28
Calculate -24 - (5 + (-5 + -18 - -9)).
-15
What is 5 + (0 - -1) + (-48 - -43)?
1
What is (1 - 9) + (-25 - (17 - 30))?
-20
Calculate -14 + -12 + 16 + 5.
-5
What is 109 + -113 + 3 + -2 + -3 + 2?
-4
9 + 2 + -8 - (-5 + (16 - 4))
-4
Calculate (-74 - -128 - 46) + (-29 + 0 - 0).
-21
What is the value of 8 - (2 + -21 + (61 - -2))?
-36
4 + (-3 + -30 - (-28 + 14))
-15
Evaluate (66 - 57) + 11 + 12.
32
What is the value of -3 + 14 - (-19 + -6 + 6 + -8)?
38
-1 + -2 + (11 - 6 - (2 - 3))
3
Evaluate -6 + (7 - 9 - -6).
-2
What is the value of -16 + 31 - (9 + -27 + 10 + 0)?
23
7 - (3 - (-10 - -8)) - 0
2
What is the value of 29 + 12 + -19 - 9?
13
(0 - 1 - (-12 - -17)) + 15
9
What is (1 - -15) + (-9 - -18) - (8 + -1)?
18
Calculate 41 - (3 - (-8 - -2)) - (7 - 0).
25
Calculate -1 + (-4 + 2 - (8 + 0)).
-11
What is the value of -1 - -2 - (-18 - (-11 + -8 + -10))?
-10
What is 3 + (-2 - (4 + (-5 - 0))) + 16?
18
What is the value of (8 - -7) + 14 + -17?
12
Calculate 8 + -21 + 16 + -6 + (0 - 13).
-16
-15 - (45 - 16 - 28)
-16
Evaluate (1 - 5) + (-18 - -6) + (-10 - -13).
-13
Calculate -30 - ((-25 - -12) + (-1 - -3)).
-19
What is the value of (11 - -5) + 0 + -10?
6
What is the value of -37 + 45 + (-2 - 19)?
-13
Calculate -14 - (6 - 27) - (1 - -23).
-17
What is the value of (45 - 37 - 18) + (4 - 3) + -19?
-28
-12 + -4 + (16 - 9)
-9
Evaluate (5 - (-2 + (5 - 0))) + 3 + -33.
-28
What is 17 + -9 + 18 + -23?
3
Calculate (231 - 245) + 0 + 19.
5
What is the value of -6 + -2 + 6 + -1 + 4?
1
Calculate 2 - -5 - (104 - 109 - (0 - 47)).
-35
Calculate 41 + -60 + (-3 - -24).
2
-20 + 26 + 2 + 3 + -45
-34
What is 54 - (-37 - -58 - -7)?
26
Calculate -3 + 1 + 21 - ((7 - 3) + -14).
29
Evaluate -29 + (-10 - -16 - -1).
-22
What is -6 - (2 + -8 + 4 + 0 - 9)?
5
What is the value of -186 - -183 - ((-2 - 1) + -1)?
1
What is (33 - -3) + (13 - 14 - 7) - -12?
40
5 - (4 - 20 - -7) - 4
10
What is the value of -3 + 12 + -8 + 4?
5
What is -5 - (1 + -13 + -9 + 1)?
15
Evaluate 5 - (-1 + (-3 - -10) + -15 + 2).
12
Calculate -14 + 9 + (-15 - (-9 - 35)).
24
Evaluate -52 + 22 + 2 + 39.
11
-65 + 17 - (57 + -90)
-15
Calculate 121 + -125 + 12 + 1 + -2.
7
Evaluate 11 - (45 - 4) - -13 - -5.
-12
Calculate -1 + -10 + (-33 - 0 - -44).
0
Calculate (-1 - (-1 - -27)) + (448 - 434).
-13
Evaluate (-2 - -15) + (8 - 14).
7
-5 - (2 + -2) - (-94 - -104)
-15
15 - ((8 - 9) + 17 - 6)
5
What is 3 - (10 - (2 - (1 + 2 - -6)))?
-14
Calculate -5 + 6 + -1 + 0 + (-30 - -42).
12
(38 - 43) + 1 + -2 - (0 - -1)
-7
What is the value of 84 + -83 - (6 - (2 + -28) - 5)?
-26
4 + 0 + -11 - (-6 - (-